{"id":10,"date":"2019-07-18T08:16:49","date_gmt":"2019-07-18T08:16:49","guid":{"rendered":"http:\/\/www.mama-concierge.fr\/?page_id=10"},"modified":"2026-01-06T13:26:40","modified_gmt":"2026-01-06T13:26:40","slug":"about-us","status":"publish","type":"page","link":"https:\/\/www.mama-concierge.fr\/index.php\/about-us\/","title":{"rendered":"<font dir=\"auto\" style=\"vertical-align: inherit;\"><font dir=\"auto\" style=\"vertical-align: inherit;\">\u00c0 propos de nous<\/font><\/font>"},"content":{"rendered":"\n<p><strong>Mama Concierge<\/strong> est une conciergerie immobili\u00e8re sp\u00e9cialis\u00e9e dans la gestion de locations courte dur\u00e9e \u00e0 Montpellier et ses alentours.<\/p>\n\n\n\n<p>Nous accompagnons les propri\u00e9taires souhaitant optimiser leurs revenus locatifs tout en se lib\u00e9rant des contraintes de gestion quotidienne.<br>De la cr\u00e9ation de l\u2019annonce \u00e0 l\u2019accueil des voyageurs, en passant par le m\u00e9nage et l\u2019assistance 24\/7, <strong>Mama Concierge<\/strong> s\u2019occupe de tout.<\/p>\n\n\n\n<p><\/p>\n","protected":false},"excerpt":{"rendered":"<p>Mama Concierge est une conciergerie immobili\u00e8re sp\u00e9cialis\u00e9e dans la gestion de locations courte dur\u00e9e \u00e0 Montpellier et ses alentours. Nous accompagnons les propri\u00e9taires souhaitant optimiser leurs<span class=\"excerpt-hellip\"> [\u2026]<\/span><\/p>\n","protected":false},"author":1,"featured_media":0,"parent":0,"menu_order":0,"comment_status":"open","ping_status":"closed","template":"","meta":{"footnotes":""},"class_list":["post-10","page","type-page","status-publish","hentry"],"_links":{"self":[{"href":"https:\/\/www.mama-concierge.fr\/index.php\/wp-json\/wp\/v2\/pages\/10","targetHints":{"allow":["GET"]}}],"collection":[{"href":"https:\/\/www.mama-concierge.fr\/index.php\/wp-json\/wp\/v2\/pages"}],"about":[{"href":"https:\/\/www.mama-concierge.fr\/index.php\/wp-json\/wp\/v2\/types\/page"}],"author":[{"embeddable":true,"href":"https:\/\/www.mama-concierge.fr\/index.php\/wp-json\/wp\/v2\/users\/1"}],"replies":[{"embeddable":true,"href":"https:\/\/www.mama-concierge.fr\/index.php\/wp-json\/wp\/v2\/comments?post=10"}],"version-history":[{"count":1,"href":"https:\/\/www.mama-concierge.fr\/index.php\/wp-json\/wp\/v2\/pages\/10\/revisions"}],"predecessor-version":[{"id":103,"href":"https:\/\/www.mama-concierge.fr\/index.php\/wp-json\/wp\/v2\/pages\/10\/revisions\/103"}],"wp:attachment":[{"href":"https:\/\/www.mama-concierge.fr\/index.php\/wp-json\/wp\/v2\/media?parent=10"}],"curies":[{"name":"wp","href":"https:\/\/api.w.org\/{rel}","templated":true}]}}